of 23279740?
2, 5, 11, 105817
What are the prime factors of 647078852?
2, 7, 97, 238247
What are the prime factors of 4923486?
2, 3, 273527
List the prime factors of 1374521346.
2, 3, 11, 313, 7393
What are the prime factors of 52332296?
2, 1471, 4447
What are the prime factors of 123496603?
123496603
What are the prime factors of 92174430?
2, 3, 5, 3072481
List the prime factors of 1872284455.
5, 1619, 231289
List the prime factors of 6746350.
2, 5, 13, 97, 107
What are the prime factors of 132256343?
3271, 40433
List the prime factors of 846979473.
3, 19, 14859289
What are the prime factors of 130801233?
3, 43600411
What are the prime factors of 1132383468?
2, 3, 467, 202067
List the prime factors of 21246569.
41, 518209
What are the prime factors of 274142983?
274142983
List the prime factors of 23206676.
2, 19, 305351
What are the prime factors of 8538430?
2, 5, 853843
What are the prime factors of 60181713?
3, 6686857
List the prime factors of 96118757.
7, 13731251
List the prime factors of 116191477.
5573, 20849
What are the prime factors of 65411339?
7, 9344477
List the prime factors of 117467785.
5, 19, 23, 37, 1453
What are the prime factors of 56183586?
2, 3, 9363931
What are the prime factors of 43727521?
163, 268267
What are the prime factors of 5765080?
2, 5, 101, 1427
List the prime factors of 180608289.
3, 17, 3541339
What are the prime factors of 1959686398?
2, 979843199
What are the prime factors of 47503354?
2, 23751677
List the prime factors of 259155661.
157, 1650673
List the prime factors of 21245996.
2, 5311499
What are the prime factors of 340648749?
3, 7, 2063, 2621
List the prime factors of 2437335373.
11, 17, 37, 352267
What are the prime factors of 253348891?
59, 131, 32779
List the prime factors of 83030070.
2, 3, 5, 2767669
List the prime factors of 5406835.
5, 7, 241, 641
List the prime factors of 21357432.
2, 3, 23, 1433
List the prime factors of 22733639.
41, 647, 857
List the prime factors of 4556278.
2, 2278139
What are the prime factors of 29198110?
2, 5, 2919811
List the prime factors of 53694094.
2, 317, 84691
What are the prime factors of 110480476?
2, 27620119
List the prime factors of 220536670.
2, 5, 313, 70459
What are the prime factors of 2896704829?
23887, 121267
What are the prime factors of 3564752346?
2, 3, 37, 5352481
List the prime factors of 1012682301.
3, 31, 71, 103, 1489
What are the prime factors of 2063079181?
149, 397, 34877
What are the prime factors of 689408384?
2, 7, 769429
What are the prime factors of 4380977386?
2, 59, 179, 211, 983
List the prime factors of 56098294.
2, 7, 4007021
List the prime factors of 6946092.
2, 3, 23, 8389
What are the prime factors of 12243329?
7, 1749047
List the prime factors of 509149070.
2, 5, 41, 1241827
List the prime factors of 57740689.
57740689
List the prime factors of 11631440.
2, 5, 347, 419
What are the prime factors of 5038490155?
5, 1007698031
List the prime factors of 1334100332.
2, 131, 2545993
What are the prime factors of 12525916?
2, 13, 240883
What are the prime factors of 178446375?
3, 5, 37, 1429
List the prime factors of 51739045.
5, 29, 356821
What are the prime factors of 9458815?
5, 1061, 1783
List the prime factors of 427783668.
2, 3, 13, 41, 66883
List the prime factors of 25476263.
25476263
What are the prime factors of 198209637?
3, 22023293
List the prime factors of 100882355.
5, 7, 173, 16661
List the prime factors of 3121127773.
173, 1553, 11617
What are the prime factors of 660007202?
2, 83, 3975947
List the prime factors of 120657606.
2, 3, 20109601
What are the prime factors of 79259676?
2, 3, 6604973
List the prime factors of 37344132.
2, 3, 7, 47, 1051
List the prime factors of 278564840.
2, 5, 137, 50833
What are the prime factors of 388675284?
2, 3, 17, 29, 65699
List the prime factors of 466916338.
2, 7, 2243, 14869
List the prime factors of 5437685494.
2, 317, 8576791
What are the prime factors of 2320538907?
3, 29, 26672861
What are the prime factors of 12108479?
2083, 5813
What are the prime factors of 362448395?
5, 6991, 10369
What are the prime factors of 252670964?
2, 7, 13, 733, 947
List the prime factors of 59151041.
17, 1151, 3023
What are the prime factors of 54954701?
6719, 8179
List the prime factors of 28874694.
2, 3, 353, 13633
What are the prime factors of 3835374436?
2, 31, 30930439
List the prime factors of 2921107317.
3, 439, 2218001
What are the prime factors of 196136432?
2, 1361, 9007
List the prime factors of 1868183635.
5, 17, 21978631
What are the prime factors of 123122469?
3, 47, 873209
List the prime factors of 51117345.
3, 5, 79, 4793
What are the prime factors of 2865930318?
2, 3, 23, 1999, 3463
What are the prime factors of 497460484?
2, 124365121
What are the prime factors of 2874753233?
11, 23, 1201, 9461
List the prime factors of 17192248.
2, 2149031
List the prime factors of 3841295340.
2, 3, 5, 29, 127, 17383
What are the prime factors of 447777124?
2, 2671, 41911
List the prime factors of 1480081583.
3947, 374989
What are the prime factors of 26483098?
2, 43, 293, 1051
List the prime factors of 1549856111.
37, 41888003
What are the prime factors of 127097830?
2, 5, 31, 409993
List the prime factors of 141026302.
2, 70513151
List the prime factors of 786725589.
3, 13, 41, 37847
List the prime factors of 119186724.
2, 3, 9932227
List the prime factors of 270702915.
3, 5, 7, 37, 59, 1181
What are the prime factors of 251547734?
2, 23, 983, 5563
List the prime factors of 15107675.
5, 11, 137, 401
What are the prime factors of 92754334?
2, 211, 219797
What are the prime factors of 3348633272?
2, 1123, 372733
What are the prime factors of 6122725?
5, 7, 59, 593
What are the prime factors of 37882075?
5, 7, 11, 1789
List the prime factors of 605324013.
3, 7, 28824953
What are the prime factors of 623631347?
19483, 32009
List the prime factors of 1745769797.
17, 61, 71, 131, 181
What are the prime factors of 68096507?
68096507
What are the prime factors of 213785724?
2, 3, 61, 292057
List the prime factors of 4944509950.
2, 5, 659, 150061
List the prime factors of 556655181.
3, 185551727
List the prime factors of 1961488421.
41, 47841181
What are the prime factors of 2158861170?
2, 3, 5, 6701, 10739
What are the prime factors of 144116106?
2, 3, 17, 1412903
What are the prime factors of 360616737?
3, 13, 2791, 3313
List the prime factors of 1721928598.
2, 13, 101, 655723
List the prime factors of 32575519.
17, 19, 100853
What are the prime factors of 62331048?
2, 3, 13, 66593
List the prime factors of 3455652475.
5, 11, 17, 43481
What are the prime factors of 60463044?
2, 3, 23, 101, 241
What are the prime factors of 4652792507?
11, 61, 257, 26981
What are the prime factors of 1274842904?
2, 61, 2612383
List the prime factors of 245569816.
2, 30696227
What are the prime factors of 1145662264?
2, 143207783
What are the prime factors of 9307903753?
1307, 7121579
What are the prime factors of 309099744?
2, 3, 1073263
List the prime factors of 11149024.
2, 348407
List the prime factors of 3758538284.
2, 23, 40853677
List the prime factors of 920914793.
37, 1231, 20219
List the prime factors of 147729694.
2, 7, 17, 31, 20023
List the prime factors of 2881575926.
2, 1440787963
What are the prime factors of 300129312?
2, 3, 7, 63803
List the prime factors of 89358386.
2, 13, 43, 257, 311
List the prime factors of 22217429.
13, 1709033
List the prime factors of 619091114.
2, 309545557
What are the prime factors of 31475078?
2, 563, 27953
What are the prime factors of 81825673?
113, 724121
List the prime factors of 47778542.
2, 7, 3412753
What are the prime factors of 56439314?
2, 317, 89021
List the prime factors of 96728916.
2, 3, 599, 13457
What are the prime factors of 423266296?
2, 743, 71209
What are the prime factors of 61145065?
5, 12229013
What are the prime factors of 7514890?
2, 5, 41, 18329
List the prime factors of 66881441.
11, 6080131
What are the prime factors of 844935753?
3, 1913, 147227
List the prime factors of 66605220.
2, 3, 5, 11, 11213
What are the prime factors of 64037111?
64037111
List the prime factors of 585545591.
19, 71, 277, 1567
What are the prime factors of 213968941?
213968941
What are the prime factors of 58211260?
2, 5, 907, 3209
What are the prime factor